{"id":25,"date":"2021-01-25T19:28:15","date_gmt":"2021-01-25T19:28:15","guid":{"rendered":"http:\/\/tbmontage.de\/?page_id=25"},"modified":"2025-05-19T06:40:06","modified_gmt":"2025-05-19T06:40:06","slug":"speisekarte","status":"publish","type":"page","link":"https:\/\/berghof-alpenblick.de\/?page_id=25","title":{"rendered":"Speisekarte"},"content":{"rendered":"\n<p class=\"has-text-align-center\" style=\"font-size:26px\"><strong>Speisekarte von 11.30-20.00 Uhr<\/strong><\/p>\n\n\n\n<p><\/p>\n\n\n\n<p><strong>Lebersp\u00e4tzlesuppe und Br\u00e4tkn\u00f6delsuppe<\/strong><\/p>\n\n\n\n<p><\/p>\n\n\n\n<p><strong>Grillteller mit Kr\u00e4uterbutter, Twister-Kartoffeln und Salatbouquet<\/strong><\/p>\n\n\n\n<p><strong>Zwiebelrostbraten mit Pommes und Salatteller<\/strong><\/p>\n\n\n\n<p><strong>Cordon bleu vom Schwein mit Pommes und Salatteller <\/strong><\/p>\n\n\n\n<p><strong>Lendchen-Spie\u00df mit Paprika-Speck So\u00dfe, Pommes-frites  und Salatteller <\/strong><\/p>\n\n\n\n<p><strong>J\u00e4gerschnitzel mit frischen Champignons, Sp\u00e4tzle und Salatteller <\/strong><\/p>\n\n\n\n<p><strong>Schweiner\u00fcckensteak mit K\u00e4se \u00fcberbacken, Sp\u00e4tzle und Salatteller <\/strong><\/p>\n\n\n\n<p><strong>Schnitzel &#8220;Wiener Art&#8221; mit Pommes-frites und Salattellert <\/strong><\/p>\n\n\n\n<p><strong>Kartoffeltaschen gef\u00fcllt mit Kr\u00e4uterfrischk\u00e4se dazu buntes Salatbouquet <\/strong><\/p>\n\n\n\n<p><strong>Gro\u00dfer bunter Salat mit gekochtem Schinken&amp; K\u00e4sestreifen <\/strong>                                                                           <strong>oder Thunfisch&amp; Zwiebeln                                                oder Putenstreifen&amp; Toast <\/strong><\/p>\n\n\n\n<p><strong>Leberk\u00e4se mit Spiegelei und Kartoffelsalat<\/strong><\/p>\n\n\n\n<p><strong>1 paar Kalbsbratw\u00fcrste \u201eG\u2018schwollene\u201c mit Kartoffelsala<\/strong>t<\/p>\n\n\n\n<p><strong>Toast Hawaii<\/strong> <\/p>\n\n\n\n<p><strong>Currywurst mit Pommes<\/strong><\/p>\n\n\n\n<p><strong>Bunter Gem\u00fcseteller mit K\u00e4se \u00fcberbacken und Salzkartoffeln <\/strong><\/p>\n\n\n\n<p><\/p>\n\n\n\n<div class=\"wp-block-image\"><figure class=\"aligncenter size-large is-resized\"><img loading=\"lazy\" src=\"https:\/\/berghof-alpenblick.de\/wp-content\/uploads\/2021\/01\/IMG_3375-683x1024.jpg\" alt=\"\" class=\"wp-image-86\" width=\"247\" height=\"370\" srcset=\"https:\/\/berghof-alpenblick.de\/wp-content\/uploads\/2021\/01\/IMG_3375-683x1024.jpg 683w, https:\/\/berghof-alpenblick.de\/wp-content\/uploads\/2021\/01\/IMG_3375-200x300.jpg 200w, https:\/\/berghof-alpenblick.de\/wp-content\/uploads\/2021\/01\/IMG_3375-768x1152.jpg 768w, https:\/\/berghof-alpenblick.de\/wp-content\/uploads\/2021\/01\/IMG_3375-1024x1536.jpg 1024w, https:\/\/berghof-alpenblick.de\/wp-content\/uploads\/2021\/01\/IMG_3375.jpg 1067w\" sizes=\"(max-width: 247px) 100vw, 247px\" \/><figcaption>\n\t\t\t\t\t\t<\/figcaption><\/figure><\/div>\n\n\n\n<p class=\"has-text-align-center\" style=\"font-size:26px\"><strong>Brotzeit<\/strong><\/p>\n\n\n\n<p class=\"has-text-align-center\">(14.00 Uhr bis 20.00 Uhr)<\/p>\n\n\n\n<p><strong>Gemischteplatte mit Butter und Brot <\/strong><\/p>\n\n\n\n<p><strong>Schweizer Wurstsalat mit Brot <\/strong>oder<strong>  Wurstsalat mit Brot <\/strong><\/p>\n\n\n\n<p><strong>Portion  Bergk\u00e4se mit Butter und Brot <\/strong><\/p>\n\n\n\n<p><strong>Pressack rot und wei\u00df sauer mit Zwiebeln und Brot <\/strong><\/p>\n\n\n\n<p><strong>Romadur sauer mit Zwiebeln und Brot  <\/strong><\/p>\n\n\n\n<p><strong>Brotzeitteller mit Obstler, Pressack, Leberwurst, Speck, K\u00e4se und Brot <\/strong><\/p>\n\n\n\n<p><\/p>\n\n\n\n<div class=\"wp-block-image\"><figure class=\"aligncenter size-large is-resized\"><img loading=\"lazy\" src=\"https:\/\/berghof-alpenblick.de\/wp-content\/uploads\/2021\/01\/IMG_3364-683x1024.jpg\" alt=\"\" class=\"wp-image-84\" width=\"231\" height=\"346\" srcset=\"https:\/\/berghof-alpenblick.de\/wp-content\/uploads\/2021\/01\/IMG_3364-683x1024.jpg 683w, https:\/\/berghof-alpenblick.de\/wp-content\/uploads\/2021\/01\/IMG_3364-200x300.jpg 200w, https:\/\/berghof-alpenblick.de\/wp-content\/uploads\/2021\/01\/IMG_3364-768x1152.jpg 768w, https:\/\/berghof-alpenblick.de\/wp-content\/uploads\/2021\/01\/IMG_3364-1024x1536.jpg 1024w, https:\/\/berghof-alpenblick.de\/wp-content\/uploads\/2021\/01\/IMG_3364.jpg 1067w\" sizes=\"(max-width: 231px) 100vw, 231px\" \/><figcaption>\n\t\t\t\t\t\t<\/figcaption><\/figure><\/div>\n\n\n\n<p><\/p>\n\n\n\n<p class=\"has-text-align-center\" style=\"font-size:26px\"><strong><em>Ku<\/em>chen<\/strong><\/p>\n\n\n\n<p class=\"has-medium-font-size\"><strong>T\u00e4glich wechselndes Kuchenangebot<\/strong><\/p>\n\n\n\n<p><strong> <\/strong><br><\/p>\n\n\n\n<p class=\"has-text-align-center has-large-font-size\"><strong>Dienstag<\/strong> <strong>&amp;<\/strong> <strong>Mittwoch Ruhetag <\/strong><\/p>\n\n\n\n<p class=\"has-text-align-center has-large-font-size\"><strong>Warme k\u00fcche von 11.30-20.00<\/strong><\/p>\n","protected":false},"excerpt":{"rendered":"<p>Speisekarte von 11.30-20.00 Uhr Lebersp\u00e4tzlesuppe und Br\u00e4tkn\u00f6delsuppe Grillteller mit Kr\u00e4uterbutter, Twister-Kartoffeln und Salatbouquet Zwiebelrostbraten mit Pommes und Salatteller Cordon bleu&hellip;<\/p>\n","protected":false},"author":1,"featured_media":0,"parent":0,"menu_order":0,"comment_status":"closed","ping_status":"closed","template":"","meta":[],"_links":{"self":[{"href":"https:\/\/berghof-alpenblick.de\/index.php?rest_route=\/wp\/v2\/pages\/25"}],"collection":[{"href":"https:\/\/berghof-alpenblick.de\/index.php?rest_route=\/wp\/v2\/pages"}],"about":[{"href":"https:\/\/berghof-alpenblick.de\/index.php?rest_route=\/wp\/v2\/types\/page"}],"author":[{"embeddable":true,"href":"https:\/\/berghof-alpenblick.de\/index.php?rest_route=\/wp\/v2\/users\/1"}],"replies":[{"embeddable":true,"href":"https:\/\/berghof-alpenblick.de\/index.php?rest_route=%2Fwp%2Fv2%2Fcomments&post=25"}],"version-history":[{"count":337,"href":"https:\/\/berghof-alpenblick.de\/index.php?rest_route=\/wp\/v2\/pages\/25\/revisions"}],"predecessor-version":[{"id":1061,"href":"https:\/\/berghof-alpenblick.de\/index.php?rest_route=\/wp\/v2\/pages\/25\/revisions\/1061"}],"wp:attachment":[{"href":"https:\/\/berghof-alpenblick.de\/index.php?rest_route=%2Fwp%2Fv2%2Fmedia&parent=25"}],"curies":[{"name":"wp","href":"https:\/\/api.w.org\/{rel}","templated":true}]}}